te?
True
Let p(c) = 7*c - 38. Let m be p(5). Let r(o) = 681*o**2 + 7*o + 11. Is r(m) prime?
False
Let c(d) = -d**2 + 7*d - 8. Let u be c(3). Suppose -h - 2*h = 0, 0 = -w + u*h - 7710. Is w/(-14) + (-2)/(-7) prime?
False
Let y = 626 + -650. Is ((-37852)/(-16))/((-6)/y) prime?
True
Let c(w) = -w**2 + 6*w + 11. Suppose -5*u = -7*u + 14. Let m be c(u). Let n(y) = 239*y + 11. Is n(m) a prime number?
True
Let o(a) = 39906*a + 2213. Is o(5) a composite number?
False
Let b be (-9)/(-27) + 22/6. Suppose 0 = -2*y + 3*k - 11 - b, -k + 1 = 0. Let z(v) = 3*v**2 + 7*v + 1. Is z(y) prime?
True
Let j(i) = -50209*i - 1024. Is j(-2) a prime number?
False
Let k = 382234 + -185555. Is k a composite number?
True
Let d(u) be the third derivative of -u**6/120 - u**5/30 - u**4/24 + 217*u**3 - 18*u**2. Let y be d(0). Is -26 + y + (2 - 1) a prime number?
True
Suppose -y + 5*s = -310683, 15*s - 20*s + 20 = 0. Is y a prime number?
False
Let a = 791064 - 530927. Is a a composite number?
False
Let s be 86887/(-133) - (-4)/14. Suppose 5*l - 1331 = c, -4*c + 204 = 4*l - 856. Let h = l - s. Is h prime?
True
Let m = -70 - -74. Is 144/(-192) - (-1265)/m*23 composite?
True
Let g(y) be the second derivative of -y**3/6 + 7*y**2 + 9*y. Let f be g(12). Suppose 0 = -f*j + 8, -5*i + 3*j + 2656 = -i. Is i a prime number?
False
Let m(d) = -519*d + 14. Let a(x) = 1 + 9 + 112*x - 3 - 372*x. Let y(j) = -9*a(j) + 4*m(j). Is y(4) prime?
True
Suppose d - 104 = -0*d. Let q = 102 - d. Is (4 - 9)/(q/178) a composite number?
True
Let s be 1/11 - (-255437)/539. Let w = s + 403. Is w a prime number?
True
Let h = 15951 - 7386. Let o = h - 4582. Is o prime?
False
Let q be 2/3 + (704/(-3))/4. Let x = q - -54. Is (-2 - -5 - -674) + x a composite number?
False
Suppose 0 = -x - 4*u + 20709, -48185 = -2*x - 2*u - 6731. Is x a prime number?
False
Suppose -3*y = -13*u + 12*u + 2057209, u = -4*y + 2057181. Is u a composite number?
False
Suppose 7*l - 10 = 2*l. Suppose -4*k + 1193 = d, -3 = l*k - 9. Suppose 0 = 5*b - 4*h - d, -5*b + h + 718 = -466. Is b composite?
True
Let y(c) = -335*c**3 + c**2 - 1. Suppose 3 = -10*v + 7*v. Let s(n) = n**3 + n**2 + n. Let i be s(v). Is y(i) composite?
True
Let u(n) = 8*n + 23. Let z be u(-3). Suppose 5*v + 26 - 76 = 0. Is (0 + z)*(v + -1721) composite?
True
Is ((12478991/76)/(2 + (-45)/24))/2 prime?
False
Let n(o) = -2*o - 1. Let p be n(1). Let w be (-2)/p + (-30511)/(-39). Let r = w - 314. Is r prime?
False
Suppose -22 = -2*p - 0*p - 2*c, p = c + 3. Suppose u + 30 = p*u. Suppose u*x = -25, i - 3*i - 5*x = -1563. Is i a composite number?
True
Suppose 4*q - 3*l = 112 - 17, -q + 15 = l. Suppose 12*n = q*n - 4264. Is n prime?
False
Let v(g) be the second derivative of -g**4/12 - g**3/2 + 71*g**2/2 + 587*g. Suppose 2*c - 6*c = 0. Is v(c) a composite number?
False
Suppose -62*p + 27*p + 12120045 = 0. Is p a prime number?
False
Let k be -2 + (-6)/(-4) - 1827/(-14). Let b = k + 141. Is b composite?
False
Suppose 0 = -3*o - 9, -27*a + 32*a + 3*o - 478006 = 0. Is a prime?
True
Suppose -2*r = -g - 27799, 3*r + 8*g - 41709 = 6*g. Is r composite?
False
Let f = 20 + -16. Suppose -3 = f*h - 11. Is h/(-10) - (-7768)/40 composite?
True
Let m = 19879 - 16608. Is m a composite number?
False
Suppose t + 0 + 3 = 0. Let b(u) = -49*u**3 + 3*u**2 + 5*u + 3. Let k be b(t). Suppose 3*q + q + 2*l - k = 0, 0 = 5*l + 5. Is q composite?
True
Is (2/3)/(35/(346952235/34)) a prime number?
True
Is (4396325/15)/(60/36) a prime number?
True
Suppose -7*w = -12*w. Suppose w = -2*n + 2*k + 1498, -3024 = -7*n + 3*n - 3*k. Is n prime?
False
Suppose 0 = -2*h - 5*o + o + 18, -5*h = o - 45. Is 11594 + (-3)/(-2)*(-7 + h) composite?
False
Let b(z) = 2*z + 11. Let c be b(-5). Let a be (1 + 153)/(1/c). Let h = a + -92. Is h a composite number?
True
Let g(i) = -121*i - 71*i - 40 - 131*i + 14*i. Is g(-9) prime?
True
Suppose 2*k + 2*n - 3*n = 44856, 5*k = 3*n + 112142. Is k composite?
True
Suppose -5*v = -n + 310988 + 8793, -3*n = -5*v - 959403. Is n composite?
False
Let c be 2 + (1 - (0 - 2)). Let m(j) = 16 + 13*j + 4 - 10*j - 3 - 7. Is m(c) composite?
True
Let h(t) = 181*t**2 + 36*t - 23. Let m be -5 + 0 - 12/4. Is h(m) a composite number?
False
Let m(h) = -1931*h + 976. Is m(-57) composite?
False
Let x be (16/4 - 7)/(-1 + 0). Suppose -2*t = x*u - 7039 + 778, 4*t - 2*u - 12514 = 0. Suppose 5*i = 4*h - 2869 - 3368, -2*h + t = i. Is h a prime number?
False
Is (0 + (12 - 13))/(3/(-92262)) prime?
False
Let l = 3029 + -4612. Let d = -847 - l. Suppose -2*p + 86 = -d. Is p a prime number?
False
Let x = 633518 + -372051. Is x a composite number?
False
Suppose -5*n + 260822 + 128013 = 0. Is n composite?
True
Let u(g) = -5*g + 22. Let f be u(5). Let c(k) = -4*k**3 + k**2 + 8*k + 3. Let m be c(f). Let y = m + -41. Is y prime?
False
Let y = 53409 - -98110. Is y a prime number?
False
Suppose -992322 = -88*y + 3325762 + 1026420. Is y a prime number?
True
Let h(y) = -y**3 + 68*y**2 - 69*y + 34. Is h(60) a prime number?
False
Suppose -4*x - 4*l + 1220294 = -l, -4*x + 3*l + 1220258 = 0. Is x prime?
True
Let q = 18 + -11. Suppose 6 = -0*n + 3*n. Suppose n*y + 7615 = q*y. Is y a prime number?
True
Let f(i) = 172002*i**2 - 594*i - 595. Is f(-1) a prime number?
True
Is (-4)/(-14) - (2758981/(-119) + 2) prime?
False
Let c(v) = -v**3 - 15*v**2 + 56*v - 63. Let n be c(-19). Let m be 11 + (-1*3 - -2). Let p = m + n. Is p a composite number?
True
Let p = -31391 - -45991. Let z = p + -8274. Is z prime?
False
Suppose -87*y + 4*u = -86*y - 257221, 0 = 2*y + 5*u - 514533. Is y a composite number?
False
Let z = 1217 - 308. Let s = z + 317. Is s composite?
True
Suppose -k + 14 = 3*l, -28*l = -23*l - 3*k - 28. Suppose 2*x = -o + 2709, 8107 + 5408 = 5*o - l*x. Is o a prime number?
False
Suppose 5*y - 5*l = 11350, 0*y = -3*y + 5*l + 6816. Suppose y = c - 210. Is c prime?
True
Let o(z) = -z**2 - 4*z - 4. Let d be o(-2). Suppose 3*u + 5*j = 25994, d = -5*u - j + 6*j + 43310. Is u composite?
False
Let j = -134 + 153. Suppose -j*g + 340 = -28977. Is g a prime number?
True
Is (3*4/(-54) + (-11292015)/270)*-2 a prime number?
False
Let c(b) = -13375*b + 1612. Is c(-7) prime?
False
Let q(d) = 5677*d - 676. Is q(75) a prime number?
False
Suppose w + 13*l - 197485 = 11*l, -w + 5*l = -197499. Is w a composite number?
True
Suppose 0 = -20*i + 4 + 36. Suppose -4*q = 3*n - i*n - 7627, 2*q = -3*n + 22831. Is n prime?
True
Let x(w) = -11*w**2 + 1642*w - 742. Is x(131) composite?
False
Suppose 15*w = 17*w + 10. Let p be (-3)/w + 44*6/60. Is (9 - p) + 0 + 93 prime?
True
Suppose -5023 = -8*d + 17057. Let z = d + -781. Is z a composite number?
False
Let o = -68 - -71. Suppose 2*f = 3*f + o*d - 789, -5*d = -3*f + 2409. Suppose u = 1039 + f. Is u composite?
True
Is ((-102)/(-4))/(26 - 1707560/65680) composite?
True
Suppose 2*b + 4 - 8 = 0. Suppose 4*m - 5*m - b*u = -271, -m = 5*u - 283. Suppose m = -p + 1306. Is p a composite number?
True
Suppose 4*g - 2786 = 2*a, 0*a + 5*a = 5*g - 3490. Let b = g - 168. Suppose b = 4*p - 5*n, -3*n = p - 0*p - 136. Is p composite?
True
Let l = 10884 + -15617. Let c = l - -8482. Is c composite?
True
Let l(h) = -2*h**3 + 23*h**2 + 10*h + 29. Let f be l(12). Suppose 0 = -f*o - 4*d + 14867, -d = -o + d + 2965. Is o a composite number?
False
Suppose -4*z - 37*m + 260648 = -32*m, 5*m + 325855 = 5*z. Is z a composite number?
False
Let i be (-600775)/50*(-24)/14. Suppose -265*y + i = -259*y. Is y a prime number?
True
Let a(h) = 30*h**3 - 20*h**2 + 9*h - 56. Is a(13) a composite number?
False
Suppose 0 = -26*c + 974896 + 267306. Is c prime?
True
Suppose 0 = -36*w + 33*w + 155862. Is (6*5/90)/(2/w) composite?
True
Let c(v) = -v**3 + 3*v - 2. Let w be c(2). Let f be (148/2)/(w/(-10) + 0). Suppose -f = -12*b + 7*b. Is b prime?
True
Let p(y) = 120*y - 6. Let w be p(-7). Let f = w + -19. Let t = -398 - f. Is t composite?
False
Let x = -135381 + 211940. Is x composite?
True
Let z(n) = 47*n**3 + 2*n**2 - n + 110183. Is z(0) prime?
True
Let w be 2/6*(21 + -9) - 0. Suppose 3*i = -h + 1726, 5*i = -h + w*h - 5108. Is h a composite number?
True
Is 20/(-14) + (-6721417)/(-203) a prime number?
False
Let g = -1072 - -505. Let i = 2222 + g. Is i a prime number?
False
Suppose -3*w = 2*k - 6, 0*k = -4*k - 3*w + 6. Suppose k = 11*p - 5949 - 301402. Is p composite?
F